at are the prime factors of v?
3
Suppose -133 = -n - 6*n. List the prime factors of n.
19
Let m(y) = -3 + 5 + 0 - y**2 + 2 + 7*y. Let v = 10 - 4. What are the prime factors of m(v)?
2, 5
Let m = 10 + -7. Suppose 26 + 6 = -m*k - j, 4*k + 2*j = -42. Let q = -6 - k. What are the prime factors of q?
5
Suppose 108 + 76 = 4*a. List the prime factors of a.
2, 23
Suppose 0*z = 3*z - 147. What are the prime factors of z?
7
Let u be (-2)/(2 + -4) + 5. Let k = -4 + u. What are the prime factors of (9/15)/(k/30)?
3
Let h = 0 - -3. Suppose 3*f - 34 = 4*j - 132, 0 = -2*j + h*f + 52. List the prime factors of j.
23
Let p(i) = 8 + 153*i - i**3 - 153*i - 11*i**2. List the prime factors of p(-11).
2
Let z = 17 - 30. Let j = 22 + z. List the prime factors of j.
3
Let d be 7 - ((-12)/2)/(-3). Let g = 53 - d. Suppose 2*y - 21 = -w, -4*y + 5*w + 15 = -g. What are the prime factors of y?
2, 3
Suppose -v - 673 = -4*x, -5*x = -2*v - 446 - 399. List the prime factors of x.
167
Suppose -4*b + 42 = 2*b. What are the prime factors of b?
7
What are the prime factors of -130*(-2 - 4/(-5))?
2, 3, 13
Let d be (-2)/(-7) + 25/35. Let y = d + 3. Suppose -y*o + 24 = 2*p, 18 = p + o + 4*o. List the prime factors of p.
2
Let d be (1 - (4 + -3))/1. Suppose 5*v - 2*m = 50, d = -3*v + 5*m - 3*m + 26. List the prime factors of v.
2, 3
Let q(o) = -3*o + 11. Let x = 3 - 9. What are the prime factors of q(x)?
29
Let x = 78 - 51. What are the prime factors of x?
3
Let z(j) = 35*j**3 + 1. Let a be z(-1). Let r = a + 80. List the prime factors of r.
2, 23
Let w(q) = q**3 - 11*q**2 + 9*q + 14. Let k be w(10). Suppose f = k*o - 50, 1 + 5 = -3*f. List the prime factors of o.
2, 3
Let q(j) = -j**2 + 2*j. Let x be q(-2). Let w = -5 - x. What are the prime factors of w?
3
Suppose 2*p - p = -4. Let m be 0 + 3 + (-4 - p). Suppose 5*l = -m + 93. What are the prime factors of l?
2, 3
List the prime factors of (6 + -4)*(0 - -13).
2, 13
Suppose -2*m = 7*m - 99. Suppose 35 = -2*l - 3*l. Let a = m + l. What are the prime factors of a?
2
List the prime factors of (-201)/(-5) - (-7)/(-28 + -7).
2, 5
Suppose 0 = -3*d + 3*v + 9, -4*d + 5 = -v - 4. Let b(i) = i - i - i + 11*i**d. List the prime factors of b(1).
2, 5
Suppose -2 = -5*o - 7, p - 5*o = -145. List the prime factors of 1/(3 - p/(-51)).
17
Let s(k) = 2*k - 9. Let z be s(6). Suppose 0 = 4*b - z - 13. List the prime factors of b.
2
Let g(k) = k**2 - 7*k + 4. Let r be g(6). Suppose -i = -5*o + 2, 0*o + 4 = -2*o. Let a = r - i. What are the prime factors of a?
2, 5
Suppose 4*i - 15 = -s, -5*i + 2*i + 16 = -4*s. Let p = -9 + 12. Let f = s + p. List the prime factors of f.
2
Let s be 2/(3 - (1 + 1)). Suppose 3*g + s*f + 8 = -2*g, 5*f = -20. Suppose g*w + 4 = w. What are the prime factors of w?
2
Let g be 28/6*(-540)/(-70). Suppose -3*y + g = 5*o - 15, 4*o - 12 = 0. List the prime factors of y.
2, 3
Suppose -3*p = -2*p + 3. Let d = -3 + -15. What are the prime factors of (-1)/(0 - p/d)?
2, 3
Let j(y) = y**2 - 5*y - 2. Suppose 5*m - 3 - 27 = 0. Let p be j(m). Suppose 4 = 4*f - 5*f - 2*q, 4*f = -3*q + p. List the prime factors of f.
2
Let l = 10 - 9. List the prime factors of l/3 - 570/(-18).
2
Let w(y) = -y + 0*y + 2*y + y. Let l be w(-2). Let s = 13 + l. What are the prime factors of s?
3
Let o(r) = r**2 + 4*r + 15. Let s(c) = -3*c + 6. Let k be s(4). List the prime factors of o(k).
3
Let d(k) = -k**2 + 5*k + 4. What are the prime factors of d(3)?
2, 5
Let s(v) = v**2 + 10*v + 13. Let n be s(-9). Let x(y) = y - 7 + 4*y - n*y. What are the prime factors of x(9)?
2
Let c(a) = 31*a**3 + 2*a - 2. What are the prime factors of c(1)?
31
Suppose s = t + 1, 0 = t - s + 2*s - 5. Suppose -4*p + 29 = c + 3, -t*p = -c + 8. List the prime factors of c.
2, 7
Let d(k) = -8*k - 5. Let r(o) = -81*o - 51. Let q(f) = 21*d(f) - 2*r(f). List the prime factors of q(-2).
3
Let d = 1 - -1. List the prime factors of ((-12)/9)/(d/(-21)).
2, 7
Let u(l) = l**2 + l + 12. List the prime factors of u(-5).
2
Let m = 15 - -7. List the prime factors of m.
2, 11
Suppose 27 = t - 11. What are the prime factors of t?
2, 19
Let j(g) be the third derivative of -g**5/60 - g**4/8 - g**3/2 - 4*g**2. Let i be j(-5). Let z = i - -30. What are the prime factors of z?
17
Let t(d) = 3*d**3 + 3*d**2 - d - 10. Let j(k) = 13*k**3 + 11*k**2 - 4*k - 40. Let c(v) = 2*j(v) - 9*t(v). List the prime factors of c(-5).
5
Let a = 67 - -14. What are the prime factors of a?
3
Let t be (-6)/(-4)*8 - -1. Suppose -s - t = -2*s. List the prime factors of s.
13
Let f = 148 + -88. What are the prime factors of f?
2, 3, 5
Let a = 163 - 71. Suppose v = 0, -5*v + a = -t + 3*t. Suppose 0 = 5*s + 6 - t. List the prime factors of s.
2
Suppose -21*l + 1344 = -9*l. What are the prime factors of l?
2, 7
Suppose 64 = x - 4*i, 6*x + 3*i = x + 343. What are the prime factors of x?
2, 17
Suppose 36 = -0*o + 4*o. Let n(i) = -i**3 + 8*i**2 + 11*i - 11. List the prime factors of n(o).
7
Suppose -3*a + 0*a + 60 = 0. Suppose 0*w - a = -4*w. Let g = 2 + w. List the prime factors of g.
7
Let w be (0 + (-3)/(-6))*0. Suppose -2*u = 4*r - 14, 3*r + w*u - 3*u + 3 = 0. Suppose 5*f = 18 + r. List the prime factors of f.
2
Let a(k) = -2*k**3 - k**2 + 4*k - 4. List the prime factors of a(-4).
2, 23
Suppose 4*a - 25 = -a. Suppose -a*u + 51 + 34 = 0. List the prime factors of u.
17
Let h = -108 - -110. What are the prime factors of h?
2
Let j be ((-12)/(-9))/((-1)/3). List the prime factors of (4 + 11)/((-6)/j).
2, 5
Let s be (-3)/(-4) + (-1)/(-4). Let b(d) = 3*d**2. Let i be b(s). Suppose 46 = 4*x - v, 2*x - 3*v = 25 + i. What are the prime factors of x?
11
Suppose t + 4*i - 101 = -2*t, 0 = 2*i - 10. Suppose -3*f + t + 21 = 0. What are the prime factors of f?
2
Let x be 2/10 + (-18)/(-10). Let s be 5 + -3 + x + 0. Suppose s*n = -3 + 31. List the prime factors of n.
7
Let r be ((-9)/12)/(6/(-16)). Suppose -2*w + 2*d = -62, 3*w = r*w - 4*d + 46. List the prime factors of w.
2, 17
Let s(f) = 6*f - 4. What are the prime factors of s(1)?
2
Let b = 20 + -2. Suppose -k = 5*a - b, -24 = 2*k - 3*a - 2*a. What are the prime factors of (k - 2)*1/(-2)?
2
Suppose -7*u + 126 = -4*u. List the prime factors of u.
2, 3, 7
List the prime factors of 4*1/4*(349 + -3).
2, 173
Let u(a) = a**3 - 5*a**2 - 11*a + 8. What are the prime factors of u(8)?
2, 7
Let y(r) = 22*r**3 - 4*r**2 + 4*r - 3. List the prime factors of y(2).
3, 5, 11
Suppose -j - 8 = -3*j. Suppose -8*p = -j*p - 5*u - 37, 0 = -p + 3*u + 11. What are the prime factors of p?
2
Suppose -134 = -p - x, 0 = -p - p - x + 270. List the prime factors of p.
2, 17
Let p(l) = -4*l**2 - 44*l - 11. What are the prime factors of p(-10)?
29
Let x be ((-4)/12)/(2/(-96)). Let w = x - 9. What are the prime factors of w?
7
Let s(q) = 3*q + 13. List the prime factors of s(10).
43
Let h = 55 - 31. List the prime factors of h.
2, 3
Let j(x) = x**3 - 7*x**2 + 10*x - 6. Let c = -2 + 8. List the prime factors of j(c).
2, 3
Let j = 4 + -5. What are the prime factors of (-1 + j)/(1/(-2))?
2
Suppose 0 = 2*i - 5*i + 9. Let w = 6 - i. Suppose -2*l = w*l - 60. What are the prime factors of l?
2, 3
Let h(c) = 8*c - 7. Let z(p) = -17*p + 15. Let q(a) = 13*h(a) + 6*z(a). Let y(o) = 4*o**3 - 2*o + 1. Let t be y(1). List the prime factors of q(t).
5
Let c = 68 + -30. Suppose -12 = 3*l, 0*r - 4*l + c = 3*r. What are the prime factors of r?
2, 3
Let j = 4 + -1. Suppose 4*k = -2*i - 8, j*k = -i + 5*k + 8. List the prime factors of -6*i/20*-5.
3
Suppose 7 + 11 = 3*i. Let m be i/4*40/6. Suppose -t - 1 = -m. What are the prime factors of t?
3
Let o = 1 + 9. List the prime factors of o.
2, 5
What are the prime factors of ((-351)/(-15))/(9/45)?
3, 13
Suppose -5*x + 48 = b, b - 3*x - 73 + 17 = 0. List the prime factors of b.
53
Let a(l) = l. Let x be a(5). Suppose -45 = -4*k - x*p, 5*k - 33 = -p + 39. What are the prime factors of k?
3, 5
Let f(g) = -11*g + 1. Let v(b) = -2*b**2 + 1. Let z = 6 - 5. Let k be v(z). List the prime factors of f(k).
2, 3
Let q = 11 + -9. Let t(j) = 5*j**2 + j. What are the prime factors of t(q)?
2, 11
Let q be -1 + ((-4)/(-2) - 0). List the prime factors of 10*-3*q/(-6).
5
Let g(p) = p**3 + 3*p**2 - 3*p - 2. Let a(m) = -m**3 - 2*m**2 + 3*m + 3. Let f be a(-2). What are the prime factors of g(f)?
7
Suppose 5*p + 3*u - 7 =